 prime number?
True
Is 913571 a composite number?
False
Is 541 a prime number?
True
Is 143549 a prime number?
False
Is 549481 composite?
False
Is 91433 prime?
True
Is 3305 prime?
False
Is 269503 composite?
True
Is 14197 a composite number?
False
Is 373 composite?
False
Is 29303 prime?
True
Is 68911 a composite number?
True
Is 1470257 prime?
False
Is 291406 a composite number?
True
Is 1193 prime?
True
Is 174703 a composite number?
False
Is 3683 a composite number?
True
Is 34211 composite?
False
Is 4703 prime?
True
Is 206027 a composite number?
False
Is 684091 prime?
True
Is 24281 prime?
True
Is 37033 a composite number?
True
Is 123341 a composite number?
False
Is 11863 a composite number?
False
Is 99469 a composite number?
False
Is 448003 a prime number?
True
Is 63431 a composite number?
True
Is 26627 composite?
False
Is 42587 a prime number?
False
Is 9923 a composite number?
False
Is 92198 prime?
False
Is 308359 a prime number?
True
Is 79579 composite?
False
Is 1847 a prime number?
True
Is 4237 composite?
True
Is 3953 prime?
False
Is 4876285 prime?
False
Is 1276817 a composite number?
False
Is 587 composite?
False
Is 81611 a prime number?
True
Is 23921 composite?
True
Is 49109 a composite number?
False
Is 253 composite?
True
Is 3299 composite?
False
Is 45403 prime?
True
Is 11617 composite?
False
Is 279427 a prime number?
False
Is 878539 composite?
False
Is 23601 prime?
False
Is 16886 composite?
True
Is 27127 a composite number?
False
Is 1909613 composite?
True
Is 682411 a composite number?
False
Is 266545 prime?
False
Is 69463 prime?
True
Is 4391 prime?
True
Is 21077 a composite number?
True
Is 82322 a prime number?
False
Is 2251 composite?
False
Is 88349 composite?
True
Is 287 a composite number?
True
Is 30509 a prime number?
True
Is 239831 a prime number?
True
Is 188027 a prime number?
False
Is 22519 a composite number?
True
Is 1066827 a composite number?
True
Is 1187 a prime number?
True
Is 24907 a prime number?
True
Is 242929 prime?
False
Is 3935 prime?
False
Is 80774 a composite number?
True
Is 226547 a prime number?
True
Is 178439 composite?
False
Is 10919 prime?
False
Is 492643 a composite number?
True
Is 152485 a composite number?
True
Is 1017437 prime?
True
Is 11851 a prime number?
False
Is 352181 prime?
True
Is 2921 prime?
False
Is 864634 prime?
False
Is 47131 a composite number?
True
Is 219265 prime?
False
Is 483907 composite?
False
Is 135829 a composite number?
False
Is 512087 composite?
True
Is 15761 a composite number?
False
Is 16787 a composite number?
False
Is 1797573 prime?
False
Is 8713 a composite number?
False
Is 239257 a prime number?
False
Is 2022421 prime?
True
Is 155 prime?
False
Is 5623 a composite number?
False
Is 5899 prime?
False
Is 842551 a composite number?
False
Is 98293 prime?
False
Is 182661 a composite number?
True
Is 10597 a composite number?
False
Is 61219 a composite number?
True
Is 20649 composite?
True
Is 819707 a composite number?
True
Is 103963 a composite number?
False
Is 4049 a composite number?
False
Is 33481 a prime number?
False
Is 2211967 composite?
False
Is 172671 a composite number?
True
Is 178681 composite?
False
Is 391427 a prime number?
False
Is 181603 composite?
False
Is 20467 composite?
True
Is 4609 prime?
False
Is 106853 a composite number?
False
Is 414311 composite?
False
Is 156867 composite?
True
Is 371 composite?
True
Is 36485 a prime number?
False
Is 57674 a prime number?
False
Is 13919 composite?
True
Is 20953 composite?
True
Is 816809 a prime number?
False
Is 151141 a composite number?
False
Is 89293 prime?
True
Is 3554 a composite number?
True
Is 214031 prime?
True
Is 3961585 a prime number?
False
Is 434207 a composite number?
True
Is 38803 a prime number?
True
Is 276521 prime?
False
Is 57635 prime?
False
Is 1481977 a composite number?
True
Is 985373 composite?
True
Is 4597235 prime?
False
Is 44989 composite?
True
Is 58639 a composite number?
True
Is 298 prime?
False
Is 60077 a prime number?
True
Is 115081 a composite number?
True
Is 493513 composite?
True
Is 13477 a composite number?
False
Is 1333 a prime number?
False
Is 251387 a prime number?
True
Is 19031 a composite number?
False
Is 631929 composite?
True
Is 1909837 a prime number?
True
Is 47681 a composite number?
False
Is 1872799 a composite number?
False
Is 137383 composite?
False
Is 27539 a composite number?
False
Is 577 a composite number?
False
Is 880199 a prime number?
True
Is 107493 composite?
True
Is 556039 a prime number?
False
Is 57821 composite?
True
Is 520781 composite?
True
Is 1785607 composite?
True
Is 669527 a composite number?
False
Is 590299 a prime number?
False
Is 484765 a composite number?
True
Is 18053 composite?
True
Is 1139 a composite number?
True
Is 107989 composite?
True
Is 17311 a composite number?
True
Is 7985 composite?
True
Is 499 a prime number?
True
Is 96431 composite?
False
Is 9743 a composite number?
False
Is 312509 prime?
True
Is 38783 a prime number?
True
Is 15173 prime?
True
Is 109207 composite?
True
Is 245251 prime?
True
Is 2371 a prime number?
True
Is 13081 a prime number?
False
Is 143167 prime?
False
Is 13643 a composite number?
True
Is 1892822 a composite number?
True
Is 139433 composite?
True
Is 8765 prime?
False
Is 187381 prime?
False
Is 225889 composite?
False
Is 3793 composite?
False
Is 2329 a prime number?
False
Is 1894369 a prime number?
True
Is 367733 a composite number?
False
Is 71843 a composite number?
False
Is 4885 composite?
True
Is 31949 a prime number?
False
Is 1423 a composite number?
False
Is 393 composite?
True
Is 453655 prime?
False
Is 116903 a prime number?
True
Is 701 prime?
True
Is 491 a prime number?
True
Is 6866 composite?
True
Is 27842 prime?
False
Is 187337 a prime number?
True
Is 32117 a prime number?
True
Is 1401215 prime?
False
Is 175793 prime?
False
Is 1032739 composite?
False
Is 694479 a composite number?
True
Is 1520047 a composite number?
True
Is 20413 composite?
True
Is 74329 a prime number?
False
Is 55313 a prime number?
True
Is 3695 a composite number?
True
Is 14143 a composite number?
False
Is 146719 composite?
False
Is 26921 prime?
True
Is 63193 a composite number?
True
Is 143071 a composite number?
True
Is 2053 a composite number?
False
Is 4881 composite?
True
Is 3203 a prime number?
True
Is 5407 prime?
True
Is 26143 prime?
False
Is 181423 prime?
False
Is 821 a prime number?
True
Is 10643 a prime number?
False
Is 488663 a prime number?
False
Is 107519 a prime number?
False
Is 11146 a prime number?
False
Is 23137 a composite number?
True
Is 480127 prime?
False
Is 55529 a composite number?
False
Is 165673 a prime number?
True
Is 6403 prime?
False
Is 18119 prime?
True
Is 9377 a composite number?
False
Is 8767 composite?
True
Is 8513 a prime number?
True
Is 4201 a prime number?
True
Is 247081 a composite number?
True
Is 22489 a prime number?
False
Is 16307 a composite number?
True
Is 23977 a prime number?
True
Is 767353 composite?
True
Is 12661 prime?
False
Is 109133 a composite number?
False
Is 4409 composite?
False
Is 239911 a composite number?
True
Is 10079 composite?
False
Is 4783 a composite number?
False
Is 7639 prime?
True
Is 6557 composite?
True
Is 701 prime?
True
Is 17111 prime?
False
Is 18799 prime?
False
Is 112643 prime?
True
Is 1631 prime?
False
Is 36319 a prime number?
True
Is 47413 composite?
True
Is 13331 composite?
False
Is 18167 composite?
True
Is 37757 prime?
False
Is 2627507 composite?
False
Is 17317 prime?
True
Is 48239 a composite number?
False
Is 699013 prime?
False
Is 16597 a prime number?
False
Is 1711 prime?
False
Is 51563 a prime number?
True
Is 22733 composite?
True
Is 1278923 prime?
False
Is 491291 prime?
False
Is 1527779 a prime number?
False
Is 441631 composite?
False
Is 55 a prime number?
False
Is 5623 a prime number?
True
Is 4721 a prime number?
True
Is 19473 composite?
True
Is 1802419 a composite number?
False
Is 57367 a prime number?
True
Is 332053 a composite number?
False
Is 84157 composite?
True
Is 109805 a composite number?
True
Is 127457 composite?
True
Is 7509 a composite number?
True
Is 102643 a composite number?
False
Is 54037 prime?
True
Is 38113 a prime number?
True
Is 190487 a composite number?
True
Is 13883 composite?
False
Is 9521 a prime number?
True
Is 137321 a prime number?
True
Is 11381 composite?
